1211100 (base 3) to base 6
10100
-6663 (base 9) to base 4
-1030311
What is -429 (base 15) in base 6?
-4203
Convert -884 (base 12) to base 16.
-4e4
Convert -7229 (base 12) to base 7.
-51126
What is 10000011001 (base 2) in base 5?
13144
220201 (base 3) to base 13
3c4
-11110011101010 (base 2) to base 5
-444334
What is 136541 (base 8) in base 7?
261226
Convert -61a (base 13) to base 4.
-100031
What is 1000011000001010 (base 2) in base 6?
422510
Convert -1000101100 (base 2) to base 14.
-2ba
Convert -9795 (base 11) to base 9.
-18656
What is -4378 (base 9) in base 12?
-1a52
Convert 1300 (base 7) to base 10.
490
-8366 (base 12) to base 9
-21586
What is -5658 (base 9) in base 5?
-113214
11101010 (base 2) to base 15
109
What is -103333 (base 4) in base 15?
-5a4
What is 354 (base 13) in base 6?
2400
-ab4 (base 13) to base 4
-130231
818 (base 10) to base 7
2246
What is 11200110 (base 3) in base 9?
4613
9362 (base 10) to base 5
244422
What is 220324 (base 5) in base 7?
31061
Convert -2301231 (base 5) to base 6.
-512544
-1052 (base 9) to base 10
-776
-1788 (base 9) to base 12
-968
Convert -3f2f (base 16) to base 14.
-5c75
Convert 212120 (base 3) to base 7.
1566
Convert 433 (base 12) to base 5.
4430
Convert 4211 (base 9) to base 5.
44323
-2361 (base 7) to base 3
-1012110
What is -3213 (base 8) in base 11?
-1293
What is 3486 (base 9) in base 5?
40324
What is 20313 (base 4) in base 8?
1067
403 (base 12) to base 16
243
-522 (base 7) to base 12
-199
Convert 3401 (base 16) to base 6.
141345
5604 (base 14) to base 13
6a22
Convert 3173 (base 8) to base 5.
23114
-10011330 (base 4) to base 13
-7827
Convert -10000110000 (base 2) to base 7.
-3061
Convert -120102221 (base 3) to base 15.
-3507
2160 (base 7) to base 5
11102
1529 (base 11) to base 8
3657
Convert a73 (base 14) to base 8.
4015
Convert 7785 (base 13) to base 2.
100000100011111
36 (base 8) to base 13
24
Convert 454 (base 13) to base 16.
2e9
What is 1194 (base 11) in base 13?
928
-40 (base 9) to base 2
-100100
-6293 (base 10) to base 16
-1895
What is 53561 (base 7) in base 9?
20242
What is 113102 (base 4) in base 5?
21430
Convert 220121 (base 3) to base 4.
22120
50a (base 12) to base 14
3a2
What is -2237 (base 8) in base 6?
-5251
Convert 13031023 (base 4) to base 16.
734b
Convert 433021 (base 6) to base 12.
18771
What is -13000 (base 4) in base 16?
-1c0
What is 1b837 (base 13) in base 14?
15a22
-51a2 (base 11) to base 15
-2093
Convert 1010212 (base 4) to base 15.
147a
Convert -17667 (base 9) to base 16.
-2fb3
What is -1202202 (base 3) in base 11?
-a72
-583 (base 15) to base 4
-103200
Convert -2ddf (base 16) to base 4.
-2313133
What is 1cb7 (base 15) in base 6?
44531
1243 (base 6) to base 3
102200
Convert -304334 (base 5) to base 14.
-38c1
What is 1273 (base 8) in base 11?
586
What is 264 (base 12) in base 14?
1c0
What is -aaa (base 11) in base 12?
-92a
What is 1101 (base 2) in base 3?
111
Convert aa1 (base 13) to base 16.
71d
1032531 (base 6) to base 11
354a3
What is -10715 (base 13) in base 15?
-8c42
What is -72ea (base 15) in base 13?
-b09b
Convert -15520 (base 6) to base 4.
-220020
Convert 1977 (base 15) to base 6.
41304
What is -504 (base 10) in base 13?
-2ca
What is -18b3 (base 12) in base 14?
-1155
Convert -ed0 (base 16) to base 14.
-154c
122 (base 7) to base 10
65
What is -532 (base 16) in base 6?
-10054
What is 4ab1 (base 15) in base 16?
3e2c
Convert -212 (base 8) to base 7.
-255
1200033 (base 4) to base 15
1c59
Convert 101010010011011 (base 2) to base 7.
120101
Convert -1111010111100 (base 2) to base 9.
-11712
363 (base 7) to base 9
233
What is 20634 (base 9) in base 11?
a27a
4b2 (base 15) to base 2
10000101011
221 (base 8) to base 12
101
Convert -125452 (base 6) to base 4.
-2311220
Convert 177 (base 16) to base 6.
1423
-175e (base 15) to base 13
-23a8
1ae (base 15) to base 14
1db
-328f (base 16) to base 13
-5b78
What is 7041 (base 13) in base 15?
488c
What is 11 (base 14) in base 4?
33
9a97 (base 11) to base 16
33ef
What is -3012132 (base 4) in base 16?
-319e
Convert 2061 (base 7) to base 9.
1000
Convert -34a (base 11) to base 3.
-120110
-7544 (base 16) to base 5
-1430040
What is -10402 (base 6) in base 8?
-2642
-116 (base 8) to base 3
-2220
Convert 299b (base 12) to base 8.
11407
10002111 (base 3) to base 10
2254
What is -17b5 (base 12) in base 7?
-11243
12 (base 11) to base 5
23
-2cc4 (base 13) to base 2
-1100110110110
-609 (base 14) to base 5
-14220
What is -3031 (base 5) in base 8?
-607
What is -f2 (base 16) in base 13?
-158
Convert 2210 (base 8) to base 14.
5cc
15a70 (base 12) to base 3
1120101110
Convert -13758 (base 9) to base 14.
-35b2
What is 2501 (base 11) in base 3?
11111001
136b5 (base 12) to base 5
1330141
Convert 374 (base 14) to base 3.
221120
Convert -11451 (base 6) to base 7.
-4630
-2122030 (base 5) to base 7
-206431
What is 15 (base 16) in base 5?
41
What is -1111001 (base 2) in base 12?
-a1
Convert 4410 (base 5) to base 16.
25d
What is 22050 (base 8) in base 14?
3532
What is -fa7 (base 16) in base 10?
-4007
Convert -702 (base 15) to base 16.
-629
What is -10111 (base 2) in base 12?
-1b
What is -21e3 (base 15) in base 16?
-1c14
Convert 5511 (base 7) to base 2.
11110110000
a338 (base 12) to base 3
220100122
Convert 7a5 (base 11) to base 15.
442
Convert -11333 (base 6) to base 8.
-3151
What is 17556 (base 10) in base 7?
102120
4033403 (base 5) to base 4
33311111
Convert 9195 (base 15) to base 6.
354152
Convert -429 (base 14) to base 9.
-1112
What is -11203 (base 4) in base 8?
-543
16308 (base 9) to base 15
34ab
What is -144b (base 15) in base 4?
-1003322
Convert 385 (base 9) to base 4.
11000
-2791 (base 13) to base 6
-42211
Convert 12a (base 11) to base 5.
1103
Convert -51587 (base 10) to base 11.
-35838
What is 3813 (base 16) in base 4?
3200103
What is -36088 (base 9) in base 13?
-aca9
Convert 3c4 (base 16) to base 15.
444
16366 (base 8) to base 4
1303312
Convert 20345 (base 8) to base 3.
102112220
Convert 191 (base 12) to base 4.
3331
What is 11054 (base 6) in base 11?
1186
110010000 (base 2) to base 15
1ba
Convert -112032 (base 4) to base 2.
-10110001110
Convert -21210002 (base 3) to base 11.
-4297
7a48 (base 15) to base 8
62527
344065 (base 7) to base 16
f004
Convert 1469 (base 10) to base 15.
67e
6614 (base 8) to base 14
139a
What is 3428 (base 9) in base 15?
b42
What is -11354 (base 7) in base 12?
-1842
-1001 (base 7) to base 5
-2334
Convert 3674 (base 8) to base 2.
11110111100
Convert -110012 (base 5) to base 9.
-5134
What is 15551 (base 6) in base 11?
1a42
-1460 (base 7) to base 14
-2d7
-63515 (base 7) to base 6
-200352
What is -2101133 (base 4) in base 8?
-22137
-1711 (base 10) to base 7
-4663
What is 42604 (base 8) in base 3?
220102010
-141635 (base 7) to base 15
-804e
231040 (base 5) to base 3
102100022
-3c (base 15) to base 3
-2010
-31432 (base 5) to base 3
-2220102
Convert -1113 (base 4) to base 15.
-5c
What is 100123123 (base 4) in base 2?
10000011011011011
Convert -1110 (base 3) to base 8.
-47
What is -2202222 (base 3) in base 14?
-a48
Convert 103232 (base 4) to base 5.
20022
Convert -341 (base 11) to base 6.
-1520
1a0 (base 12) to base 5
2024
194 (base 13) to base 5
2130
11230 (base 5) to base 13
4a9
122201 (base 3) to base 15
21d
Convert 111101100 (base 2) to base 11.
408
Convert 101101001 (base 2) to base 7.
1024
What is a4 (base 14) in base 5?
1034
What is -102210 (base 4) in base 16?
-4a4
What is -31340 (base 5) in base 3?
-2212121
Convert 11033 (base 4) to base 6.
1315
Convert -101101101101 (base 2) to base 5.
-43200
40052 (base 7) to base 2
10010110101001
What is 11250 (base 12) in base 8?
54434
Convert -4306 (base 9) to base 11.
-2418
Convert 57 (base 12) to base 11.
61
What is 1221121121 (base 3) in base 14?
dd9a
3157 (base 10) to base 5
100112
2956 (base 14) to base 6
53532
3645 (base 7) to base 13
804
12111 (base 4) to base 10
405
Convert 30220012 (base 4) to base 13.
1a704
What is -2424 (base 5) in base 16?
-16c
Convert -410 (base 13) to base 12.
-495
Convert -121010 (base 3) to base 8.
-663
What is -1321232 (base 4) in base 11?
-5942
Convert 443002 (base 5) to base 3.
210002112
What is 1b1 (base 13) in base 14?
185
What is -71325 (base 10) in base 12?
-35339
338a (base 16) to base 3
200002200
Convert 315 (base 6) to base 3.
11102
-201121 (base 3) to bas